 a(n) = -13*n - 21. Let t(w) = -6*w - 9. Let v(r) = -2*a(r) + 5*t(r). Calculate v(-2).
5
Let q(p) = -p**3 + 6*p**2 - 8*p + 1. Suppose -21 - 87 = -27*i. Determine q(i).
1
Let p be (-148)/(-18) + -9 + 4/(-18). Let w(m) = 2*m**3 - m. What is w(p)?
-1
Suppose -2*u = -5 - 5. Let s(r) = -r. What is s(u)?
-5
Let v(h) = h**3 - 5*h**2 - 6*h + 3. Suppose 5*k - z = 19, 1 - 2 = -k + 3*z. Suppose -k*j + 1 = -31. Suppose m - i + j = 3*m, 4*m + 5*i = 4. Determine v(m).
3
Suppose 0 = -c - 3*c + 24. Let g(o) be the third derivative of -o**6/120 + 7*o**5/60 - 7*o**4/24 + 2*o**3/3 - 69*o**2. What is g(c)?
-2
Let v(u) be the first derivative of -u**2/2 + 3*u + 246. Suppose -2*j + 0*r = 4*r, 2*r - 20 = 4*j. What is v(j)?
7
Let p(q) be the third derivative of 0*q + 1/720*q**6 + 1/20*q**5 - 1/6*q**4 + 6*q**2 + 0*q**3 + 0. Let t(v) be the second derivative of p(v). Determine t(-3).
3
Let a(q) = -2*q**2 + 48*q + 91. Let y(n) = -n**2 + 23*n + 45. Let j(w) = 2*a(w) - 5*y(w). Determine j(21).
-1
Suppose -z = 5*n - 5, -3*z - 3*n = -0*z - 3. Let u be (z - 0) + -2 + 4. Let t(o) = o + 220 - 114 - 107. Give t(u).
1
Let w(c) = c**3 + 5*c**2 - 7*c + 3. Let v be (-2)/(-8) + (-126)/(-8) + -1. Suppose 4*y + 22 = -g, 3*y - 5 = -4*g - v. Calculate w(y).
9
Suppose 3*a = a - d - 11, 3*a = 2*d - 27. Let n(h) = -555*h + 553*h - 5 - 3. What is n(a)?
6
Let y(w) = -38*w**2 + 25*w - 34. Let u(q) = -7*q**2 + 5*q - 7. Let n(v) = 11*u(v) - 2*y(v). Suppose -f + 30 = 4*f. Determine n(f).
-15
Let v(d) = d**3 - 7*d**2 + 8*d - 8. Let g be v(6). Suppose 5*l - g = -3*j, 3*j - 17 + 6 = 2*l. Let k(r) = -j*r**3 - 4*r**3 + 12*r**2 - 11*r**2. Give k(1).
-6
Let h(g) = 2*g**3 + 11*g**2 - 4*g + 5. Let u be (-779)/123 + (-3)/(-9). What is h(u)?
-7
Let q(p) = p - 1. Suppose 111 = 3*n + 30. Let s = n - 31. Determine q(s).
-5
Let u(c) = -c**2 + 0*c - 8 + 4 + 6*c. Let z = 10834 - 10827. Give u(z).
-11
Let i(b) = b**2 - 4*b + 11 + 2*b + 12*b. Calculate i(-8).
-5
Let p(k) be the first derivative of -k**3/3 + 2*k + 462. Give p(-6).
-34
Let p(v) = -3*v - 4. Let g be 3*(-4)/36 + 28/(-6). Let t = g - -2. Calculate p(t).
5
Suppose 4*m + 5 = -2*t + 3, 5*m = -25. Let g be 3/(-2)*36/t*-1. Let a(u) = u**3 - 6*u**2 - 3*u + 5. Determine a(g).
-13
Suppose 2*j + 0*j - 10 = -4*l, 3*l = -2*j + 7. Let c be -6 + 3 + 4 + l. Suppose -c*v + 0*v - 24 = 0. Let x(r) = 2*r + 5. Give x(v).
-7
Suppose 41 = 4*z + 13. Let s(r) = r**2 - 7*r + 8. What is s(z)?
8
Let o be (-3)/(-2) - (-91)/14. Suppose -2*f + 3*h = -4, 3*h - 3 = -2*f - 23. Let p = o + f. Let d(y) = y + 1. Calculate d(p).
5
Let n(v) = -4 - v**2 + 5*v - 4*v - 2*v**2 - v**3. Suppose -4*r - 6 = k + k, 2*r = -2*k. Give n(r).
-7
Let a(y) be the second derivative of 49*y + 21/20*y**5 + 1/12*y**4 + 1/2*y**2 + 1/3*y**3 + 0. Calculate a(-1).
-21
Let g be -3 + 1 + 1 + 1. Let z(p) = p - 1. Let h(r) = -4*r + 9. Let k(b) = -h(b) - 3*z(b). Let x be k(g). Let w(y) = y + 4. Calculate w(x).
-2
Let c be (-4)/(-6)*(9 + 189/(-18)). Let b(l) = 10*l + 5. Determine b(c).
-5
Let s(j) = j**2 - 4 + 6 - j + 3 - j**3 + 1. What is s(0)?
6
Suppose 0 = -4*r - s + 9 + 4, -2*s + 2 = 0. Let w(n) = -7*n**3 + 2*n**r + 1 + 0. Calculate w(1).
-4
Let a(i) = -i - 13. Suppose -5*l = -4 - 6. Suppose 3*m + 24 = -3*t + 7*m, 2*m + 16 = -l*t. Calculate a(t).
-5
Let l be -6 - (-14 - -3) - 1. Let b(y) = y**3 - 2*y**2 - 4. Determine b(l).
28
Let b(q) = q**3 - q - 1723 + 1718 + 7*q**2 - 9*q. What is b(-8)?
11
Suppose -j + 0 = -z + 2, 3*z + j = -14. Let h(w) be the first derivative of -4*w - 2 - 3/2*w**2 - 2/3*w**3. Determine h(z).
-13
Let l(n) = -n**2 + 4*n + 6. Let h be (-238)/22 - (-6)/(-33). Let f(r) = -7*r - 71. Let y be f(h). Calculate l(y).
-6
Let n be (-5)/(-1) - (-27)/(-3). Let h(a) = 2*a + 2. Calculate h(n).
-6
Suppose z + 46 = 4*d, -4*z + 10 = 2. Suppose -15*g = -d*g + 15. Let b(p) = -p**3 - 6*p**2 - 2*p + 5. Calculate b(g).
-10
Suppose -5*u = -u + 24. Let l(i) be the second derivative of i**7/2520 + 7*i**6/720 - i**4/2 + i. Let j(x) be the third derivative of l(x). Determine j(u).
-6
Let j(s) = 7*s**3 + s + 3. Let m(b) = -30*b**3 + b**2 - 4*b - 13. Let i(c) = -9*j(c) - 2*m(c). What is i(-2)?
17
Let a(u) = -u**2 + 8*u + 4. Let o(t) = 3*t**2 + 2*t - 12. Let b be o(-3). Calculate a(b).
-5
Suppose -8 = 4*y - 20. Suppose 2 = -y*m + 4*m. Let t(i) = 3*i**2 + 1 + 10*i - 16*i + 3*i. What is t(m)?
7
Let j(x) = x - x - x - 1 + 14*x**2. Let m be 4 + 36/3 - (-2 + 0). Suppose 8*v - 10 = -m. Give j(v).
14
Suppose 0 = v - 1, 2*g - 1 = -3*v - 12. Let j be (-2 - 0)*g/2. Let a(n) = n**3 - 6*n**2 - 7*n - 2. Give a(j).
-2
Let m(f) = -f**2 + 5*f. Suppose -o + 7 - 2 = -3*p, 0 = 3*o + p - 5. Suppose b - o = 3*d + 8, d = 4*b - 18. Calculate m(b).
4
Let p = -5 - -3. Let k(z) be the first derivative of z**2/2 + 4*z - 99. Calculate k(p).
2
Let n(w) = -3*w**3 + w + 1. Let i(z) = -z. Let o(h) = -h**2 - 8*h + 3. Let c(y) = 6*i(y) - o(y). Let l be c(-3). Let d = -1 - l. Calculate n(d).
3
Suppose -12*t + 7 = -11*t. Let g(b) be the first derivative of b**4/4 - 2*b**3 - 7*b**2/2 - 5*b + 12. Give g(t).
-5
Let p(g) = -g**3 - 6*g**2 - 4*g + 4. Let d be p(-5). Let q = d + 5. Let i(r) = 2 + 3*r - q*r - 2*r - 3. Determine i(-4).
11
Let n(h) = h**3 + 6*h**2 + h + 6. Let c be n(-6). Let f(x) be the second derivative of c - 1/12*x**4 + 0*x**3 - x + 1/2*x**2. What is f(-1)?
0
Suppose -3*n - 12 = -0*n. Let l(x) be the second derivative of -2*x**2 + 0 + 2/3*x**3 + 1/12*x**4 - 42*x. Give l(n).
-4
Let f(t) = t**2 + 9*t + 8. Let w(p) = -p**2 - 10*p - 18. Let k be w(-6). Let j be 4/k + 40/(-6). Give f(j).
-10
Let a(r) = -9*r**3 - 22*r**2 - 12*r - 11. Let p(h) = -4*h**3 - 11*h**2 - 7*h - 5. Let w(s) = 3*a(s) - 7*p(s). Calculate w(-9).
47
Let n(p) = p**2 + 6*p. Suppose 4*u = s + 38, 4*s + u + 104 = 20. Let x = -41 + 57. Let g = x + s. Calculate n(g).
0
Let i(t) be the third derivative of -t**4/24 - 7*t**3/6 + 40*t**2. Give i(-11).
4
Let a be 10/(-15)*(-270)/36. Let x(g) = g**2 - 3*g + 1. Give x(a).
11
Suppose -8*z + 216 = -35*z. Suppose -3 - 1 = -2*d. Let s(y) = d*y + 5*y + 10 + y**2 + 8*y - 5*y. What is s(z)?
-6
Let h(n) be the first derivative of -2*n**3/3 + n**2 + 4*n - 13. Let c be (-8)/(-48) - 23/(-6). Determine h(c).
-20
Let a be (3/9)/((-1)/(-3)). Let p(h) be the second derivative of -1/2*h**2 + 0 + 1/6*h**3 - 2*h + 1/12*h**4. What is p(a)?
1
Let u(f) = 2*f**2 - 17*f - 23. Let o be u(10). Suppose -5*h = -o - 18. Let y(t) = -3*t + 7. Let p(a) = -6*a + 15. Let q(r) = -2*p(r) + 5*y(r). What is q(h)?
-10
Let y(k) = -4*k**3 - 2*k**2 + 2*k - 1. Let i = 15 + -9. Let u = -8 + 5. Let l be -1 + u/((-9)/i). Calculate y(l).
-5
Let l(f) be the third derivative of f**5/60 - 2*f**3/3 - 272*f**2. Let x(h) = -h - 2. Let s be x(-6). Calculate l(s).
12
Let r(g) = g**2 + 5*g - 5. Let x(l) = 2*l - 6*l + 3*l + 2*l - 13. Let t be x(9). Let q be -8 + 0/t - -3. What is r(q)?
-5
Suppose -811*d + 812*d = -h - 9, 3*d = -h - 15. Let g(j) = -5*j + 1. Let q(r) = 4*r - 1. Let p(l) = -3*g(l) - 4*q(l). Give p(h).
7
Let o(q) be the third derivative of -q**5/60 - 7*q**4/24 - q**3/6 - 15*q**2 - 2*q. What is o(-6)?
5
Suppose -4*f - 24 = -144. Suppose 18 - 48 = c + 5*i, 0 = 3*c + 3*i + f. Let x(g) = g**2 + 6*g + 4. What is x(c)?
-1
Suppose 5*b = -4*v - 4, -3*v - 5*b = -3*b + 3. Let a = -1 - v. Let q(r) be the second derivative of r**3/6 + 5*r**2 - 14393*r. Determine q(a).
10
Let i(h) = -h**3 + h - 8. Suppose -4*k + 206 = -90. Let j = k - 107. Let m = -33 - j. Give i(m).
-8
Let y(t) = -24*t**3 + 16*t**2 + 11*t - 11. Let l(v) = -5*v**3 + 3*v**2 + 2*v - 2. Let w(z) = 11*l(z) - 2*y(z). Let n = 27 + -26. Calculate w(n).
-6
Let l(u) be the second derivative of u**5/20 + 5*u**4/12 - u**3/3 - 7*u**2/2 + 4*u - 16. Give l(-5).
3
Let b(y) = -y**2 - 56*y - 249. Let o be b(-51). Let r(g) = 2*g**2 - 11*g. Determine r(o).
6
Let o(y) = 2*y + 2. Let r(c) = -2*c**3 - 5*c**2 - c + 2. Let f be r(-2). Let z(i) = -34 + f*i**2 - 6*i - i - 5*i**2 + 6*i**2. Let k be z(10). Give o(k).
-6
Let o(h) be the second derivative of -h**5/20 + h**4/2 + 4*h**3/3 + 3*h**2/2 + 52*h. What is o(7)?
10
Let s = -26 + 22. Let c(p) = -5*p - 14. Let a be c(s). Let f(t) = -t - 5*t + t + 4 - a. What is f(-3)?
13
Let k(p) = 2*p**3 + 11*p**2 + 9*p - 14. Let m(u) = -u**2 + 3*u - 1. Let h(g) = k(g) - 2*m(g). What is h(-6)?
6
Suppose 4 = -2*m + 16.